 -11 + 1011100?
1011001
In base 3, what is 1 - 2?
-1
In base 9, what is -16410 - -1?
-16408
In base 6, what is -111 + -23?
-134
In base 5, what is 1123311 + -10?
1123301
In base 16, what is -3 - 5?
-8
In base 12, what is 5 + 498?
4a1
In base 9, what is 5 - 5528?
-5523
In base 12, what is 39 - 1?
38
In base 3, what is 22 + 12200?
12222
In base 14, what is -42 + 0?
-42
In base 9, what is -34 + 316?
272
In base 12, what is -5 - 1b8?
-201
In base 13, what is 1 + -126?
-125
In base 8, what is 3 + 421?
424
In base 2, what is 10010 + 101?
10111
In base 7, what is 15 + -2242?
-2224
In base 16, what is 57 - -38?
8f
In base 6, what is 10 - -43?
53
In base 4, what is -22 + -212?
-300
In base 8, what is -343 - 2?
-345
In base 5, what is -423 - 3?
-431
In base 6, what is 1 + 140?
141
In base 10, what is 15351 - 2?
15349
In base 2, what is -11 + 10111100100?
10111100001
In base 15, what is 36b5 - -4?
36b9
In base 3, what is 0 + -1011?
-1011
In base 8, what is 5634 - -1?
5635
In base 4, what is -23 + -200?
-223
In base 11, what is 56a0 + -1?
569a
In base 15, what is -a - 21?
-2b
In base 5, what is -34220 - 4?
-34224
In base 3, what is -110111 + -11?
-110122
In base 15, what is 92d - -5?
933
In base 3, what is 210111 - 1?
210110
In base 2, what is -10110 + 100?
-10010
In base 8, what is -31233 + 5?
-31226
In base 12, what is 4 + 1903?
1907
In base 11, what is -404 + 4?
-400
In base 16, what is 3 - 35?
-32
In base 16, what is 1 - -e?
f
In base 15, what is 4 - 187?
-183
In base 15, what is -3 + 18b?
188
In base 6, what is 1220 - -4?
1224
In base 2, what is -100 - -1110?
1010
In base 9, what is 5 - 50?
-44
In base 2, what is 100001001110 + -11?
100001001011
In base 16, what is 209 + 1f?
228
In base 2, what is -1000001010 + -1001?
-1000010011
In base 16, what is 4 + -70a?
-706
In base 13, what is -4b - -5?
-46
In base 7, what is -1541 + 4?
-1534
In base 9, what is 2326 + 11?
2337
In base 14, what is 21 - -4?
25
In base 13, what is -6 + 2c?
26
In base 14, what is -b04 - -2?
-b02
In base 3, what is -11001121 + -12?
-11001210
In base 11, what is -179 + 12?
-167
In base 10, what is -395 - 0?
-395
In base 16, what is -9c0 + -4?
-9c4
In base 6, what is 2 + 13?
15
In base 13, what is 715b - 3?
7158
In base 4, what is -300 - 2?
-302
In base 6, what is 4525 - -3?
4532
In base 2, what is 100 - -101111?
110011
In base 6, what is 1 + -1242?
-1241
In base 16, what is 2f - -33?
62
In base 3, what is -10212212 - 11?
-10220000
In base 15, what is 42c - 4?
428
In base 6, what is 1 + 2233?
2234
In base 13, what is 3 - -7b?
81
In base 16, what is -4b - 4?
-4f
In base 16, what is 15 + 29b?
2b0
In base 7, what is -24 + 13?
-11
In base 12, what is -121 - -5?
-118
In base 2, what is 0 - -11010010011?
11010010011
In base 5, what is -11 + -13131?
-13142
In base 2, what is 0 + 1100110?
1100110
In base 8, what is 2 + 376?
400
In base 16, what is -23 + c?
-17
In base 5, what is 11413 + 0?
11413
In base 4, what is -3 - 1220?
-1223
In base 11, what is -5 - 9?
-13
In base 14, what is -1717 - 2?
-1719
In base 2, what is 10101111001 + -1101?
10101101100
In base 15, what is -62 + -54?
-b6
In base 15, what is 5d + -1?
5c
In base 14, what is -a - 328?
-334
In base 13, what is 5 + -2b0?
-2a8
In base 7, what is 16016 - -3?
16022
In base 11, what is 0 - 127?
-127
In base 8, what is 54 + -51?
3
In base 16, what is 37 - -1?
38
In base 5, what is -32 - 40?
-122
In base 11, what is 2604 - 5?
25aa
In base 16, what is 10 + 1ba?
1ca
In base 10, what is 1024 - 10?
1014
In base 8, what is -11402 - -3?
-11377
In base 14, what is -3 + 165?
162
In base 2, what is 0 - -11001110?
11001110
In base 11, what is -6 + -99?
-a4
In base 8, what is 4 - -12?
16
In base 14, what is 27 - -3?
2a
In base 11, what is -4 + 8?
4
In base 15, what is -3e - 10?
-4e
In base 14, what is -7 + 7?
0
In base 2, what is -10 + -1010010?
-1010100
In base 6, what is 12221 - -5?
12230
In base 12, what is -4898 - 5?
-48a1
In base 7, what is 1 - 316?
-315
In base 16, what is -5 + -e30?
-e35
In base 9, what is -4751 - 0?
-4751
In base 14, what is 1673 + 5?
1678
In base 2, what is 10000010111 + 100?
10000011011
In base 2, what is 101 + 111100?
1000001
In base 11, what is 4 + -65a?
-656
In base 8, what is 23 + 653?
676
In base 13, what is -6 + -11?
-17
In base 13, what is 1911 - 4?
190a
In base 10, what is 5565 + -2?
5563
In base 9, what is -316 + 4?
-312
In base 9, what is -5 - 176?
-182
In base 4, what is 3020122 + 10?
3020132
In base 5, what is 1204 + -1?
1203
In base 9, what is 0 - -1560?
1560
In base 16, what is 9 - -5c?
65
In base 6, what is -135422 + 2?
-135420
In base 14, what is -10c + -4?
-112
In base 11, what is -14a + 0?
-14a
In base 6, what is 2 + -102?
-100
In base 16, what is -3 + -f7d?
-f80
In base 4, what is -233232 + 0?
-233232
In base 4, what is 201132 + 2?
201200
In base 9, what is 144 - 34?
110
In base 8, what is -31 + -1?
-32
In base 5, what is 2112 - 1?
2111
In base 12, what is 71 - -2?
73
In base 14, what is -34 + 5?
-2d
In base 14, what is 127 - 3?
124
In base 4, what is 1 - -212?
213
In base 2, what is -110110 + 110?
-110000
In base 9, what is 10 + 21?
31
In base 2, what is 10111 - 111?
10000
In base 3, what is 12 - 1201?
-1112
In base 10, what is 825 - -6?
831
In base 3, what is 1210 - 2?
1201
In base 15, what is -b0c - -2?
-b0a
In base 3, what is -12 - -11000?
10211
In base 15, what is -3 - -7e?
7b
In base 16, what is -4 - -11?
d
In base 14, what is -120 + -d?
-12d
In base 13, what is 31 + c?
40
In base 7, what is 64222 - -5?
64230
In base 2, what is -101111010000 - -1?
-101111001111
In base 4, what is -1201 - 10?
-1211
In base 16, what is -d99 - -5?
-d94
In base 4, what is -230 + 11?
-213
In base 11, what is -930 - -1?
-92a
In base 8, what is -1 - 206?
-207
In base 5, what is 444 + -3?
441
In base 16, what is -5 + 58?
53
In base 14, what is c + -1?
b
In base 6, what is 2 + 21103?
21105
In base 10, what is -204 + -5?
-209
In base 6, what is 3 - 425?
-422
In base 6, what is -234 + -10?
-244
In base 13, what is -2a - -1c?
-b
In base 12, what is 63 - -3?
66
In base 7, what is -3535 + 4?
-3531
In base 16, what is -4a3 + -1?
-4a4
In base 5, what is 232 + 32?
314
In base 7, what is 60 + 16?
106
In base 4, what is -13 + 130?
111
In base 3, what is -22 - -20010002?
20002210
In base 6, what is -21 + 144?
123
In base 14, what is 13 + 2b?
40
In base 9, what is -24 - -11?
-13
In base 9, what is 10576 + -2?
10574
In base 7, what is 2651 - 6?
2642
In base 9, what is 3 - 43?
-40
In base 7, what is 2 - -3514?
3516
In base 4, what is -10 + -1012?
-1022
In base 9, what is -2445 - 0?
-2445
In base 13, what is 1 + -312?
-311
In base 5, what is -4 - 101?
-110
In base 10, what is -202 + 2?
-200
In base 3, what is -12021 + 10?
-12011
In base 13, what is -a32 - -1?
-a31
In base 9, what is 65 - -2?
67
In base 15, what is 256 - 1?
255
In base 4, what is 1213 - 11?
1202
In base 14, what is 13 - 19?
-6
In base 2, what is 0 + 11110101?
11110101
In base 7, what is 162 - 52?
110
In base 16, what is 0 - 90?
-90
In base 12, what is 38bb - 1?
38ba
In base 13, what is 29 + -5?
24
In base 8, what is -3 - 34?
-37
In base 11, what is 3 - 35a?
-357
In base 11, what is -1194 + 2?
-1192
In base 3, what is -2221 + -10101?
-20022
In base 12, what is 295 + 4?
299
In base 7, what is 104314 - 4?
104310
In base 11, what is -22 + -18?
-3a
In base 16, what is 4 - 1b8?
-1b4
In base 3, what is -11010120 - 2?
-11010122
In base 8, what is 111 - -2?
113
In base 5, what is -1 - 11123?
-11124
In base 10, what is -15 + 1?
-14
In base 15, what is -5 + -6d?
-73
In base 3, what is -200121 + 12?
-200102
In base 7, what is -1 + 3056?
3055
In base 10, what is 6 - 69?
-63
In base 9, what is 3 - 445?
-442
In base 15, what is 63 + 1?
64
In base 6, what is -2444 - -10?
-2434
In base 7, what is -424 + 0?
-424
In base 10, what is 4 - 5434?
-5430
In base 11, what is -65 + -3?
-68
In base 16, what is 2 - -11e?
120
In base 8, what is -1176 + -4?
-1202
In base 13, what is -5 - 9c6?
-9cb
In base 12, what is 1186 + -2?
1184
In base 6, what is 2141 + 15?
2200
In base 9, what is -84 + 26?
-57
In base 16, what is 1e03 + 2?
1e05
In base 7, what is -34652 + -1?
-34653
In base 15, what is -14 - -5?
-e
In base 12, what is 0 + -68?
-68
In base 7, what is 342 + -13?
326
In base 3, what is 22 - -200?